{"id":865,"date":"2014-07-22T13:03:34","date_gmt":"2014-07-22T13:03:34","guid":{"rendered":"http:\/\/www.apolinav.cl\/proyecto\/?page_id=865"},"modified":"2019-05-16T20:22:41","modified_gmt":"2019-05-16T20:22:41","slug":"campus-charles","status":"publish","type":"page","link":"https:\/\/www.apolinav.cl\/index.php\/campus\/campus-charles\/","title":{"rendered":"Campus Charles"},"content":{"rendered":"[vc_row][vc_column][vc_column_text]\n<p style=\"text-align: justify;\">Agrupa las Escuelas de Infanter\u00eda de Marina, Abastecimiento, Litoral y Faros.<\/p>\n<p style=\"text-align: justify;\">Tiene como misi\u00f3n formar al personal en el dif\u00edcil rol del combatiente anfibio. Ser responsables de la formaci\u00f3n de quienes brindan la log\u00edstica y el servicio a la Instituci\u00f3n. Adem\u00e1s, del personal para desempe\u00f1ar la importante labor de control en todo el pa\u00eds, dotando a la Direcci\u00f3n General del Territorio Mar\u00edtimo y Marina Mercante Nacional.<\/p>\n[\/vc_column_text][\/vc_column][\/vc_row][vc_row][vc_column width=&#8221;1\/2&#8243;][vc_single_image image=&#8221;9301&#8243; img_size=&#8221;490\u00d7350&#8243; alignment=&#8221;center&#8221;][vc_column_text]<strong>ESCUELA DE INFANTER\u00cdA DE MARINA<\/strong><\/p>\n<p style=\"text-align: justify;\"><strong>Rese\u00f1a hist\u00f3rica<\/strong><\/p>\n<p style=\"text-align: justify;\">Nace en 1867, organizada como \u201cEscuela de Clases\u201d y con la misi\u00f3n de proporcionar instrucci\u00f3n sobre armamento y m\u00e9todos de combate a los Soldados del Mar. En 1897, cambia su nombre al de \u201cEscuela Regimental\u201d cuya misi\u00f3n era instruir y entrenar las dotaciones de las Bater\u00edas de Artiller\u00eda de Costa. En 1915 se instala en el Fuerte Vergara, recibiendo en 1986 el nombre de \u201cEscuela de Infanter\u00eda de Marina del Comandante Jaime Charles\u201d en reconocimiento a quien ofrend\u00f3 su vida, el 8 de noviembre de 1819, en el Desembarco de Pisco y cuyos restos reposan junto a la Bater\u00eda 280 en el patio hist\u00f3rico del plantel.<\/p>\n<p style=\"text-align: justify;\">Por sus centenarias aulas, empapadas de tradici\u00f3n e historia, pasan a\u00f1o a a\u00f1o las generaciones de Oficiales y Gente de Mar del Cuerpo de Infanter\u00eda de Marina, para obtener los conocimientos que les permiten incrementar su preparaci\u00f3n especializada como \u201cSoldados del Mar\u201d en el Arma anfibia de nuestra Armada\u201d.<\/p>\n<p style=\"text-align: justify;\"><strong>Ubicaci\u00f3n<\/strong><\/p>\n<p style=\"text-align: justify;\">La Escuela de Infanter\u00eda de Marina funciona en dependencias del Campus Jaime Charles dependiente de la Academia Polit\u00e9cnica Naval, en el Fuerte Vergara, teniendo la responsabilidad de formar al personal de Oficiales y Gente de Mar en la especialidad.<\/p>\n[\/vc_column_text][\/vc_column][vc_column width=&#8221;1\/2&#8243;][vc_single_image image=&#8221;9215&#8243; img_size=&#8221;490\u00d7350&#8243; alignment=&#8221;center&#8221;][vc_column_text]<strong>ESCUELA DE LITORAL Y FAROS<\/strong><\/p>\n<p style=\"text-align: justify;\"><strong>Rese\u00f1a hist\u00f3rica<\/strong><\/p>\n<p style=\"text-align: justify;\">La Escuela de Litoral y Faros tiene 160 a\u00f1os de existencia. Est\u00e1 constituida como la leg\u00edtima sucesora de la Escuela de Aspirantes a Empleados de Faro, creada el 17 de julio 1899, por iniciativa del entonces Director del Litoral y de Marina Mercante, Capit\u00e1n de Nav\u00edo don Arturo Fern\u00e1ndez Vial. Dict\u00f3 cursos hasta 1955, a\u00f1o en que se traslada a la entonces Escuela de Artiller\u00eda.<\/p>\n<p style=\"text-align: justify;\">Finalmente, en el a\u00f1o 1986, atendiendo a la necesidad institucional de contar con Oficiales y Gente de Mar especialistas en el \u00e1rea de la Seguridad Mar\u00edtima, como consecuencia l\u00f3gica del mayor grado de actividad en el \u00e1mbito de los intereses mar\u00edtimos, ambas especialidades se trasladan al sector del faro de Punta \u00c1ngeles, en el cerro Playa Ancha de Valpara\u00edso, lugar donde se establece la Escuela de Litoral y Faros, permaneciendo en esa ubicaci\u00f3n hasta el a\u00f1o 1999.<\/p>\n<p style=\"text-align: justify;\">Posteriormente, se traslada a las instalaciones de la Academia Polit\u00e9cnica Naval en la Escuela de Armamentos, donde finalmente, en el a\u00f1o 2003, es emplazada a la Facultad de Apoyo Operacional (FASAP), ahora Campus Charles.<\/p>\n<p style=\"text-align: justify;\"><strong>Ubicaci\u00f3n<\/strong><\/p>\n<p style=\"text-align: justify;\">Actualmente la Escuela funciona en dependencias del Campus Jaime Charles, dependiente de la Academia Polit\u00e9cnica Naval como Jefatura de Estudios de las especialidades de Litoral, Faros, Telecomunicaciones Mar\u00edtimas, Se\u00f1alizaci\u00f3n Mar\u00edtima, Seguridad Mar\u00edtima y Asistente de Polic\u00eda Mar\u00edtima y es responsable de la formaci\u00f3n del personal de Oficiales y Gente de Mar en la especialidad.<\/p>\n[\/vc_column_text][\/vc_column][\/vc_row][vc_row][vc_column width=&#8221;1\/2&#8243;][vc_single_image image=&#8221;9299&#8243; img_size=&#8221;490\u00d7350&#8243; alignment=&#8221;center&#8221;][vc_column_text]<strong>ESCUELA DE ABASTECIMIENTO<\/strong><\/p>\n<p style=\"text-align: justify;\"><strong>Rese\u00f1a hist\u00f3rica<\/strong><\/p>\n<p style=\"text-align: justify;\">La Escuela de Abastecimiento comienza a funcionar, de manera independiente, en el edificio de la ex-Escuela Naval, el 9 de junio de 1977, con el nombre de Escuela de Abastecimiento y Servicios, ya que desde 1967 se encontraba incorporada a la Escuela de Submarinos, Abastecimiento y Servicios, manteniendo as\u00ed la tradici\u00f3n docente que desde fines del siglo pasado marc\u00f3 al Cerro Artiller\u00eda, y, en d\u00e9cadas anteriores, hab\u00eda estado ligada a otras Escuelas Institucionales, como la de Infanter\u00eda de Marina.<\/p>\n<p style=\"text-align: justify;\">Su primer Director fue el Capit\u00e1n de Fragata AB Sr. Osvaldo Garc\u00eda Ahumada.<\/p>\n<p style=\"text-align: justify;\"><strong>Ubicaci\u00f3n<\/strong><\/p>\n<p style=\"text-align: justify;\">La Escuela funciona en dependencias del Campus Jaime Charles, dependiente de la Academia Polit\u00e9cnica Naval como Jefatura de Estudios de la Especialidad Abastecimiento, responsable de la formaci\u00f3n del personal de Oficiales y Gente de Mar en la especialidad.<\/p>\n[\/vc_column_text][\/vc_column][vc_column width=&#8221;1\/2&#8243;][\/vc_column][\/vc_row]\n","protected":false},"excerpt":{"rendered":"<p>[vc_row][vc_column][vc_column_text] Agrupa las Escuelas de Infanter\u00eda de Marina, Abastecimiento, Litoral y Faros. Tiene como misi\u00f3n formar al personal en el dif\u00edcil rol del combatiente anfibio. Ser responsables de la formaci\u00f3n de quienes brindan la log\u00edstica y el servicio a la Instituci\u00f3n. Adem\u00e1s, del personal para desempe\u00f1ar la importante labor de control en todo el pa\u00eds, [&hellip;]<\/p>\n","protected":false},"author":5,"featured_media":0,"parent":790,"menu_order":0,"comment_status":"open","ping_status":"open","template":"","meta":{"footnotes":""},"class_list":["post-865","page","type-page","status-publish","hentry"],"_links":{"self":[{"href":"https:\/\/www.apolinav.cl\/index.php\/wp-json\/wp\/v2\/pages\/865","targetHints":{"allow":["GET"]}}],"collection":[{"href":"https:\/\/www.apolinav.cl\/index.php\/wp-json\/wp\/v2\/pages"}],"about":[{"href":"https:\/\/www.apolinav.cl\/index.php\/wp-json\/wp\/v2\/types\/page"}],"author":[{"embeddable":true,"href":"https:\/\/www.apolinav.cl\/index.php\/wp-json\/wp\/v2\/users\/5"}],"replies":[{"embeddable":true,"href":"https:\/\/www.apolinav.cl\/index.php\/wp-json\/wp\/v2\/comments?post=865"}],"version-history":[{"count":14,"href":"https:\/\/www.apolinav.cl\/index.php\/wp-json\/wp\/v2\/pages\/865\/revisions"}],"predecessor-version":[{"id":9303,"href":"https:\/\/www.apolinav.cl\/index.php\/wp-json\/wp\/v2\/pages\/865\/revisions\/9303"}],"up":[{"embeddable":true,"href":"https:\/\/www.apolinav.cl\/index.php\/wp-json\/wp\/v2\/pages\/790"}],"wp:attachment":[{"href":"https:\/\/www.apolinav.cl\/index.php\/wp-json\/wp\/v2\/media?parent=865"}],"curies":[{"name":"wp","href":"https:\/\/api.w.org\/{rel}","templated":true}]}}

[vc_row][vc_column][vc_column_text]
<p style="text-align: justify;">Agrupa las Escuelas de Infantería de Marina, Abastecimiento, Litoral y Faros.</p>
<p style="text-align: justify;">Tiene como misión formar al personal en el difícil rol del combatiente anfibio. Ser responsables de la formación de quienes brindan la logística y el servicio a la Institución. Además, del personal para desempeñar la importante labor de control en todo el país, dotando a la Dirección General del Territorio Marítimo y Marina Mercante Nacional.</p>
[/vc_column_text][/vc_column][/vc_row][vc_row][vc_column width=&#8221;1/2&#8243;][vc_single_image image=&#8221;9301&#8243; img_size=&#8221;490×350&#8243; alignment=&#8221;center&#8221;][vc_column_text]<strong>ESCUELA DE INFANTERÍA DE MARINA</strong></p>
<p style="text-align: justify;"><strong>Reseña histórica</strong></p>
<p style="text-align: justify;">Nace en 1867, organizada como “Escuela de Clases” y con la misión de proporcionar instrucción sobre armamento y métodos de combate a los Soldados del Mar. En 1897, cambia su nombre al de “Escuela Regimental” cuya misión era instruir y entrenar las dotaciones de las Baterías de Artillería de Costa. En 1915 se instala en el Fuerte Vergara, recibiendo en 1986 el nombre de “Escuela de Infantería de Marina del Comandante Jaime Charles” en reconocimiento a quien ofrendó su vida, el 8 de noviembre de 1819, en el Desembarco de Pisco y cuyos restos reposan junto a la Batería 280 en el patio histórico del plantel.</p>
<p style="text-align: justify;">Por sus centenarias aulas, empapadas de tradición e historia, pasan año a año las generaciones de Oficiales y Gente de Mar del Cuerpo de Infantería de Marina, para obtener los conocimientos que les permiten incrementar su preparación especializada como “Soldados del Mar” en el Arma anfibia de nuestra Armada”.</p>
<p style="text-align: justify;"><strong>Ubicación</strong></p>
<p style="text-align: justify;">La Escuela de Infantería de Marina funciona en dependencias del Campus Jaime Charles dependiente de la Academia Politécnica Naval, en el Fuerte Vergara, teniendo la responsabilidad de formar al personal de Oficiales y Gente de Mar en la especialidad.</p>
[/vc_column_text][/vc_column][vc_column width=&#8221;1/2&#8243;][vc_single_image image=&#8221;9215&#8243; img_size=&#8221;490×350&#8243; alignment=&#8221;center&#8221;][vc_column_text]<strong>ESCUELA DE LITORAL Y FAROS</strong></p>
<p style="text-align: justify;"><strong>Reseña histórica</strong></p>
<p style="text-align: justify;">La Escuela de Litoral y Faros tiene 160 años de existencia. Está constituida como la legítima sucesora de la Escuela de Aspirantes a Empleados de Faro, creada el 17 de julio 1899, por iniciativa del entonces Director del Litoral y de Marina Mercante, Capitán de Navío don Arturo Fernández Vial. Dictó cursos hasta 1955, año en que se traslada a la entonces Escuela de Artillería.</p>
<p style="text-align: justify;">Finalmente, en el año 1986, atendiendo a la necesidad institucional de contar con Oficiales y Gente de Mar especialistas en el área de la Seguridad Marítima, como consecuencia lógica del mayor grado de actividad en el ámbito de los intereses marítimos, ambas especialidades se trasladan al sector del faro de Punta Ángeles, en el cerro Playa Ancha de Valparaíso, lugar donde se establece la Escuela de Litoral y Faros, permaneciendo en esa ubicación hasta el año 1999.</p>
<p style="text-align: justify;">Posteriormente, se traslada a las instalaciones de la Academia Politécnica Naval en la Escuela de Armamentos, donde finalmente, en el año 2003, es emplazada a la Facultad de Apoyo Operacional (FASAP), ahora Campus Charles.</p>
<p style="text-align: justify;"><strong>Ubicación</strong></p>
<p style="text-align: justify;">Actualmente la Escuela funciona en dependencias del Campus Jaime Charles, dependiente de la Academia Politécnica Naval como Jefatura de Estudios de las especialidades de Litoral, Faros, Telecomunicaciones Marítimas, Señalización Marítima, Seguridad Marítima y Asistente de Policía Marítima y es responsable de la formación del personal de Oficiales y Gente de Mar en la especialidad.</p>
[/vc_column_text][/vc_column][/vc_row][vc_row][vc_column width=&#8221;1/2&#8243;][vc_single_image image=&#8221;9299&#8243; img_size=&#8221;490×350&#8243; alignment=&#8221;center&#8221;][vc_column_text]<strong>ESCUELA DE ABASTECIMIENTO</strong></p>
<p style="text-align: justify;"><strong>Reseña histórica</strong></p>
<p style="text-align: justify;">La Escuela de Abastecimiento comienza a funcionar, de manera independiente, en el edificio de la ex-Escuela Naval, el 9 de junio de 1977, con el nombre de Escuela de Abastecimiento y Servicios, ya que desde 1967 se encontraba incorporada a la Escuela de Submarinos, Abastecimiento y Servicios, manteniendo así la tradición docente que desde fines del siglo pasado marcó al Cerro Artillería, y, en décadas anteriores, había estado ligada a otras Escuelas Institucionales, como la de Infantería de Marina.</p>
<p style="text-align: justify;">Su primer Director fue el Capitán de Fragata AB Sr. Osvaldo García Ahumada.</p>
<p style="text-align: justify;"><strong>Ubicación</strong></p>
<p style="text-align: justify;">La Escuela funciona en dependencias del Campus Jaime Charles, dependiente de la Academia Politécnica Naval como Jefatura de Estudios de la Especialidad Abastecimiento, responsable de la formación del personal de Oficiales y Gente de Mar en la especialidad.</p>
[/vc_column_text][/vc_column][vc_column width=&#8221;1/2&#8243;][/vc_column][/vc_row]

<p>[vc_row][vc_column][vc_column_text] Agrupa las Escuelas de Infantería de Marina, Abastecimiento, Litoral y Faros. Tiene como misión formar al personal en el difícil rol del combatiente anfibio. Ser responsables de la formación de quienes brindan la logística y el servicio a la Institución. Además, del personal para desempeñar la importante labor de control en todo el país, [&hellip;]</p>
