{"id":853,"date":"2014-07-22T12:22:39","date_gmt":"2014-07-22T12:22:39","guid":{"rendered":"http:\/\/www.apolinav.cl\/proyecto\/?page_id=853"},"modified":"2016-04-28T14:57:56","modified_gmt":"2016-04-28T14:57:56","slug":"publicaciones","status":"publish","type":"page","link":"https:\/\/www.apolinav.cl\/index.php\/publicaciones\/","title":{"rendered":"Publicaciones"},"content":{"rendered":"[vc_row][vc_column][vc_column_text]Bienvenidos, en esta p\u00e1gina podr\u00e1 encontrar art\u00edculos elaborados y publicados por docente de nuestra Academia. Cabe destacar, que muchos de ellos han sido presentados en congresos nacionales.[\/vc_column_text][vc_separator border_width=&#8221;2&#8243;][vc_empty_space height=&#8221;12px&#8221;][vc_column_text]\n<h4 style=\"text-align: center;\">Docente Miguel De La Sotta<\/h4>\n[\/vc_column_text][vc_empty_space height=&#8221;8px&#8221;][\/vc_column][\/vc_row][vc_row][vc_column width=&#8221;1\/3&#8243;][mk_icon_box icon=&#8221;mk-moon-file-3&#8243; font_weight=&#8221;bold&#8221; read_more_url=&#8221;#&#8221; style=&#8221;simple_ultimate&#8221; icon_size=&#8221;large&#8221; rounded_circle=&#8221;true&#8221; icon_location=&#8221;top&#8221; margin=&#8221;12&#8243;]\n<p style=\"text-align: center;\">An\u00e1lisis cr\u00edtico de la distribuci\u00f3n horaria en cursos de ingenier\u00eda a instancias de las nuevas tecnolog\u00edas de informaci\u00f3n y comunicaci\u00f3n.<\/p>\n[\/mk_icon_box][vc_separator border_width=&#8221;2&#8243;][mk_icon_box icon=&#8221;mk-moon-file-3&#8243; font_weight=&#8221;bold&#8221; read_more_url=&#8221;#&#8221; style=&#8221;simple_ultimate&#8221; icon_size=&#8221;large&#8221; rounded_circle=&#8221;true&#8221; icon_location=&#8221;top&#8221; margin=&#8221;12&#8243;]\n<p style=\"text-align: center;\">Factores que favorecen el aprendizaje seg\u00fan los propios estudiantes de ingenier\u00eda.<\/p>\n[\/mk_icon_box][vc_separator border_width=&#8221;2&#8243;][mk_icon_box icon=&#8221;mk-moon-file-3&#8243; font_weight=&#8221;bold&#8221; read_more_url=&#8221;#&#8221; style=&#8221;simple_ultimate&#8221; icon_size=&#8221;large&#8221; rounded_circle=&#8221;true&#8221; icon_location=&#8221;top&#8221; margin=&#8221;12&#8243;]\n<p style=\"text-align: center;\">Aplicaci\u00f3n del sistema B-learning a laboratorios docentes<\/p>\n[\/mk_icon_box][\/vc_column][vc_column width=&#8221;1\/3&#8243;][mk_icon_box icon=&#8221;mk-moon-file-3&#8243; font_weight=&#8221;bold&#8221; read_more_url=&#8221;#&#8221; style=&#8221;simple_ultimate&#8221; icon_size=&#8221;large&#8221; rounded_circle=&#8221;true&#8221; icon_location=&#8221;top&#8221; margin=&#8221;12&#8243;]\n<p style=\"text-align: center;\">Aplicaci\u00f3n de las tecnolog\u00edas de informaci\u00f3n y comunicaci\u00f3n en los laboratorios de la Academia Polit\u00e9cnica Naval.<\/p>\n[\/mk_icon_box][vc_separator border_width=&#8221;2&#8243;][mk_icon_box icon=&#8221;mk-moon-file-3&#8243; font_weight=&#8221;bold&#8221; read_more_url=&#8221;#&#8221; style=&#8221;simple_ultimate&#8221; icon_size=&#8221;large&#8221; rounded_circle=&#8221;true&#8221; icon_location=&#8221;top&#8221; margin=&#8221;12&#8243;]\n<p style=\"text-align: center;\">Aplicaci\u00f3n de\u00a0m\u00faltiples recursos de aprendizaje a un curso de Telecomunicaciones.<\/p>\n[\/mk_icon_box][\/vc_column][vc_column width=&#8221;1\/3&#8243;][mk_icon_box icon=&#8221;mk-moon-file-3&#8243; font_weight=&#8221;bold&#8221; read_more_url=&#8221;#&#8221; style=&#8221;simple_ultimate&#8221; icon_size=&#8221;large&#8221; rounded_circle=&#8221;true&#8221; icon_location=&#8221;top&#8221; margin=&#8221;12&#8243;]\n<p style=\"text-align: center;\">Aplicaci\u00f3n de nuevos conceptos y tecnolog\u00edas de aprendizaje a un curso profesional de ingenier\u00eda.<\/p>\n[\/mk_icon_box][vc_separator border_width=&#8221;2&#8243;][mk_icon_box icon=&#8221;mk-moon-file-3&#8243; font_weight=&#8221;bold&#8221; read_more_url=&#8221;#&#8221; style=&#8221;simple_ultimate&#8221; icon_size=&#8221;large&#8221; rounded_circle=&#8221;true&#8221; icon_location=&#8221;top&#8221; margin=&#8221;12&#8243;]\n<p style=\"text-align: center;\">Evaluaci\u00f3n del nivel del aprendizaje y obtenci\u00f3n de competencias pr\u00e1cticas de los alumnos en laboratorios docentes.<\/p>\n[\/mk_icon_box][\/vc_column][\/vc_row][vc_row][vc_column][vc_empty_space][\/vc_column][\/vc_row][vc_row][vc_column width=&#8221;1\/3&#8243;][vc_column_text]\n<h4 style=\"text-align: center;\">Docente\u00a0Mario Rojas Rivera<\/h4>\n[\/vc_column_text][mk_icon_box icon=&#8221;mk-moon-file-3&#8243; font_weight=&#8221;bold&#8221; read_more_url=&#8221;#&#8221; style=&#8221;simple_ultimate&#8221; icon_size=&#8221;large&#8221; rounded_circle=&#8221;true&#8221; icon_location=&#8221;top&#8221; margin=&#8221;12&#8243;]\n<p style=\"text-align: center;\">Tecnolog\u00eda Educativa en Ingenier\u00eda.<\/p>\n[\/mk_icon_box][\/vc_column][vc_column width=&#8221;1\/3&#8243;][vc_column_text]\n<h4 style=\"text-align: center;\">Docente\u00a0Rodrigo Vergara Rojas<\/h4>\n[\/vc_column_text][mk_icon_box icon=&#8221;mk-moon-file-3&#8243; font_weight=&#8221;bold&#8221; read_more_url=&#8221;#&#8221; style=&#8221;simple_ultimate&#8221; icon_size=&#8221;large&#8221; rounded_circle=&#8221;true&#8221; icon_location=&#8221;top&#8221; margin=&#8221;12&#8243;]\n<p style=\"text-align: center;\">Implementaci\u00f3n de un laboratorio de antenas y l\u00edneas de transmisi\u00f3n con equipamiento de bajo costo y valor agregado con uso de recursos multimediales.<\/p>\n[\/mk_icon_box][\/vc_column][vc_column width=&#8221;1\/3&#8243;][vc_column_text]\n<h4 style=\"text-align: center;\">Docente\u00a0Guillermo Fern\u00e1ndez S.<\/h4>\n[\/vc_column_text][mk_icon_box icon=&#8221;mk-moon-file-3&#8243; font_weight=&#8221;bold&#8221; read_more_url=&#8221;#&#8221; style=&#8221;simple_ultimate&#8221; icon_size=&#8221;large&#8221; rounded_circle=&#8221;true&#8221; icon_location=&#8221;top&#8221; margin=&#8221;12&#8243;]\n<p style=\"text-align: center;\">Estudio de un Sistema de Generaci\u00f3n de Energ\u00eda E\u00f3lica para Lugares Aislados en el Sur de Chile.<\/p>\n<p style=\"text-align: center;\"><em>(R. Olfos, G. Fern\u00e1ndez and M. L\u00f3pez)<\/em><\/p>\n[\/mk_icon_box][\/vc_column][\/vc_row][vc_row][vc_column][vc_empty_space height=&#8221;12px&#8221;][\/vc_column][\/vc_row]\n","protected":false},"excerpt":{"rendered":"<p>[vc_row][vc_column][vc_column_text]Bienvenidos, en esta p\u00e1gina podr\u00e1 encontrar art\u00edculos elaborados y publicados por docente de nuestra Academia. Cabe destacar, que muchos de ellos han sido presentados en congresos nacionales.[\/vc_column_text][vc_separator border_width=&#8221;2&#8243;][vc_empty_space height=&#8221;12px&#8221;][vc_column_text] Docente Miguel De La Sotta [\/vc_column_text][vc_empty_space height=&#8221;8px&#8221;][\/vc_column][\/vc_row][vc_row][vc_column width=&#8221;1\/3&#8243;][mk_icon_box icon=&#8221;mk-moon-file-3&#8243; font_weight=&#8221;bold&#8221; read_more_url=&#8221;#&#8221; style=&#8221;simple_ultimate&#8221; icon_size=&#8221;large&#8221; rounded_circle=&#8221;true&#8221; icon_location=&#8221;top&#8221; margin=&#8221;12&#8243;] An\u00e1lisis cr\u00edtico de la distribuci\u00f3n horaria en cursos de ingenier\u00eda [&hellip;]<\/p>\n","protected":false},"author":5,"featured_media":0,"parent":0,"menu_order":0,"comment_status":"open","ping_status":"open","template":"","meta":{"footnotes":""},"class_list":["post-853","page","type-page","status-publish","hentry"],"_links":{"self":[{"href":"https:\/\/www.apolinav.cl\/index.php\/wp-json\/wp\/v2\/pages\/853","targetHints":{"allow":["GET"]}}],"collection":[{"href":"https:\/\/www.apolinav.cl\/index.php\/wp-json\/wp\/v2\/pages"}],"about":[{"href":"https:\/\/www.apolinav.cl\/index.php\/wp-json\/wp\/v2\/types\/page"}],"author":[{"embeddable":true,"href":"https:\/\/www.apolinav.cl\/index.php\/wp-json\/wp\/v2\/users\/5"}],"replies":[{"embeddable":true,"href":"https:\/\/www.apolinav.cl\/index.php\/wp-json\/wp\/v2\/comments?post=853"}],"version-history":[{"count":7,"href":"https:\/\/www.apolinav.cl\/index.php\/wp-json\/wp\/v2\/pages\/853\/revisions"}],"predecessor-version":[{"id":1954,"href":"https:\/\/www.apolinav.cl\/index.php\/wp-json\/wp\/v2\/pages\/853\/revisions\/1954"}],"wp:attachment":[{"href":"https:\/\/www.apolinav.cl\/index.php\/wp-json\/wp\/v2\/media?parent=853"}],"curies":[{"name":"wp","href":"https:\/\/api.w.org\/{rel}","templated":true}]}}