{"id":790,"date":"2014-07-18T18:45:59","date_gmt":"2014-07-18T18:45:59","guid":{"rendered":"http:\/\/www.apolinav.cl\/proyecto\/?page_id=790"},"modified":"2019-05-16T19:10:24","modified_gmt":"2019-05-16T19:10:24","slug":"campus","status":"publish","type":"page","link":"https:\/\/www.apolinav.cl\/index.php\/campus\/","title":{"rendered":"Campus"},"content":{"rendered":"[vc_row][vc_column][vc_column_text]\n<p style=\"text-align: justify;\">La funci\u00f3n general de cada Campus de la Academia Polit\u00e9cnica Naval es ejecutar los distintos cursos de especialidad y capacitaci\u00f3n para la formaci\u00f3n del especialista, las actividades militares, deportivas, culturales y de apoyo al entrenamiento, cumpliendo la normativa dispuesta por la Academia con este prop\u00f3sito.<\/p>\n[\/vc_column_text][\/vc_column][\/vc_row][vc_row][vc_column width=&#8221;1\/2&#8243;][vc_single_image image=&#8221;9288&#8243; img_size=&#8221;400&#215;300&#8243; alignment=&#8221;center&#8221; onclick=&#8221;custom_link&#8221; title=&#8221;Campus Hyatt&#8221; img_link=&#8221;http:\/\/www.apolinav.cl\/proyecto\/?p=863&#8243; link=&#8221;https:\/\/www.apolinav.cl\/index.php\/campus\/campus-hyatt\/&#8221;][\/vc_column][vc_column width=&#8221;1\/2&#8243;][vc_single_image image=&#8221;9213&#8243; img_size=&#8221;400&#215;300&#8243; alignment=&#8221;center&#8221; onclick=&#8221;custom_link&#8221; title=&#8221;Campus Charles&#8221; img_link=&#8221;http:\/\/www.apolinav.cl\/proyecto\/?p=865&#8243; link=&#8221;https:\/\/www.apolinav.cl\/index.php\/campus\/campus-charles\/&#8221;][\/vc_column][\/vc_row][vc_row][vc_column][vc_column_text]\n<h2>T\u00edtulos Profesionales y T\u00e9cnicos de Nivel Superior<\/h2>\n<p>En los Campus de la Academia Polit\u00e9cnica Naval, se dictan las especialidades conducentes a los siguientes t\u00edtulos:[\/vc_column_text][vc_tta_tabs][vc_tta_section title=&#8221;Oficiales&#8221; tab_id=&#8221;1526313062841-191bf6d3-6f8a&#8221;][vc_single_image image=&#8221;7170&#8243; img_size=&#8221;full&#8221;][\/vc_tta_section][vc_tta_section title=&#8221;Gente de Mar&#8221; tab_id=&#8221;1526313062875-805ef2dc-7ec3&#8243;][vc_single_image image=&#8221;7169&#8243; img_size=&#8221;full&#8221;][\/vc_tta_section][\/vc_tta_tabs][\/vc_column][\/vc_row]\n","protected":false},"excerpt":{"rendered":"<p>[vc_row][vc_column][vc_column_text] La funci\u00f3n general de cada Campus de la Academia Polit\u00e9cnica Naval es ejecutar los distintos cursos de especialidad y capacitaci\u00f3n para la formaci\u00f3n del especialista, las actividades militares, deportivas, culturales y de apoyo al entrenamiento, cumpliendo la normativa dispuesta por la Academia con este prop\u00f3sito. [\/vc_column_text][\/vc_column][\/vc_row][vc_row][vc_column width=&#8221;1\/2&#8243;][vc_single_image image=&#8221;9288&#8243; img_size=&#8221;400&#215;300&#8243; alignment=&#8221;center&#8221; onclick=&#8221;custom_link&#8221; title=&#8221;Campus Hyatt&#8221; img_link=&#8221;http:\/\/www.apolinav.cl\/proyecto\/?p=863&#8243; [&hellip;]<\/p>\n","protected":false},"author":5,"featured_media":0,"parent":0,"menu_order":0,"comment_status":"open","ping_status":"open","template":"","meta":{"footnotes":""},"class_list":["post-790","page","type-page","status-publish","hentry"],"_links":{"self":[{"href":"https:\/\/www.apolinav.cl\/index.php\/wp-json\/wp\/v2\/pages\/790","targetHints":{"allow":["GET"]}}],"collection":[{"href":"https:\/\/www.apolinav.cl\/index.php\/wp-json\/wp\/v2\/pages"}],"about":[{"href":"https:\/\/www.apolinav.cl\/index.php\/wp-json\/wp\/v2\/types\/page"}],"author":[{"embeddable":true,"href":"https:\/\/www.apolinav.cl\/index.php\/wp-json\/wp\/v2\/users\/5"}],"replies":[{"embeddable":true,"href":"https:\/\/www.apolinav.cl\/index.php\/wp-json\/wp\/v2\/comments?post=790"}],"version-history":[{"count":23,"href":"https:\/\/www.apolinav.cl\/index.php\/wp-json\/wp\/v2\/pages\/790\/revisions"}],"predecessor-version":[{"id":9290,"href":"https:\/\/www.apolinav.cl\/index.php\/wp-json\/wp\/v2\/pages\/790\/revisions\/9290"}],"wp:attachment":[{"href":"https:\/\/www.apolinav.cl\/index.php\/wp-json\/wp\/v2\/media?parent=790"}],"curies":[{"name":"wp","href":"https:\/\/api.w.org\/{rel}","templated":true}]}}