{"id":674,"date":"2014-07-17T21:02:11","date_gmt":"2014-07-17T21:02:11","guid":{"rendered":"http:\/\/www.apolinav.cl\/proyecto\/?page_id=674"},"modified":"2023-03-30T18:14:33","modified_gmt":"2023-03-30T21:14:33","slug":"historia","status":"publish","type":"page","link":"https:\/\/www.apolinav.cl\/index.php\/bienvenida\/historia\/","title":{"rendered":"Historia"},"content":{"rendered":"[vc_row][vc_column][vc_column_text]\n<h2 style=\"text-align: justify;\"><span style=\"color: #26ade4;\">Eficiencia y Eficacia<\/span><\/h2>\n<p style=\"text-align: justify;\">La renovaci\u00f3n de unidades y la constante evoluci\u00f3n tecnol\u00f3gica de los sistemas de armas, propulsi\u00f3n y detecci\u00f3n, crearon la necesidad de contar con Escuelas que se dedicaran a la formaci\u00f3n de personal especialista que satisficieran las crecientes necesidades t\u00e9cnicas y de operaci\u00f3n de las nuevas unidades. Con el transcurrir del tiempo, estas Escuelas constituir\u00edan las bases sobre la cual se materializar\u00eda la Academia Polit\u00e9cnica Naval. Nace as\u00ed a la vida institucional, este plantel de Educaci\u00f3n Superior que tiene como misi\u00f3n otorgar a Oficiales y Gente de Mar las competencias operativas, t\u00e9cnicas y administrativas, requeridas por la Instituci\u00f3n para satisfacer las necesidades de especialistas profesionales y t\u00e9cnicos. Adem\u00e1s, tiene la misi\u00f3n de perfeccionar al personal especialista, actualizando sus competencias de acuerdo al desarrollo institucional y de entrenarlos de seg\u00fan las necesidades de los mandos operativos u otros organismos institucionales.<\/p>\n[\/vc_column_text][vc_single_image image=&#8221;692&#8243; img_size=&#8221;full&#8221; alignment=&#8221;center&#8221;][\/vc_column][\/vc_row][vc_row][vc_column][vc_empty_space height=&#8221;22px&#8221;][vc_tabs][vc_tab title=&#8221;1953&#8243; tab_id=&#8221;1460381549-1-13&#8243;][vc_column_text]\n<p style=\"text-align: justify;\">Desde el a\u00f1o 1953, en virtud al reglamento complementario del DFL N\u00b0 148 de 1953, que establece la especialidad de Ingenier\u00eda Naval, la Ley 12.851 de 1958, que crea el Colegio de Ingenieros y el reglamento Org\u00e1nico de Ense\u00f1anza de las Fuerzas Armadas del a\u00f1o 1960, reconocen a la Academia Polit\u00e9cnica Naval como organismo superior de la Armada de Chile.<\/p>\n[\/vc_column_text][\/vc_tab][vc_tab title=&#8221;1961&#8243; tab_id=&#8221;1460381549-2-56&#8243;][vc_column_text]\n<p style=\"text-align: justify;\">El Presidente de la Rep\u00fablica su Excelencia Don Jorge Alessandri Rodr\u00edguez, firma el Decreto Supremo N\u00b0 3124 el 10 de Agosto de 1961, dando vida oficial a la Academia Polit\u00e9cnica Naval, destinada a ser el organismo de educaci\u00f3n superior de la Armada de Chile encargado de la formaci\u00f3n del personal especialista, tanto de Oficiales como de Gente de Mar, destinado a satisfacer las necesidades operativas y t\u00e9cnica de la Instituci\u00f3n.<\/p>\n[\/vc_column_text][\/vc_tab][vc_tab title=&#8221;1990&#8243; tab_id=&#8221;1460385875265-2-8&#8243;][vc_column_text]\n<p style=\"text-align: justify;\">El a\u00f1o 1990 se dicta en el pa\u00eds, la Ley Org\u00e1nica Constitucional de Ense\u00f1anza la cual reconoce a la Academia como Establecimiento de Educaci\u00f3n Superior, facult\u00e1ndola para entregar T\u00edtulos Profesionales, T\u00edtulos T\u00e9cnicos de Nivel Superior y Grados Acad\u00e9micos.<\/p>\n[\/vc_column_text][\/vc_tab][vc_tab title=&#8221;1994&#8243; tab_id=&#8221;1460385951254-3-2&#8243;][vc_column_text]\n<p style=\"text-align: justify;\">\u00a0Finalizados los estudios el a\u00f1o 1994, respecto a la organizaci\u00f3n y funcionamiento de la Academia y definido el lugar donde se establecer\u00eda su Direcci\u00f3n, a mediados del mes de Diciembre de ese a\u00f1o, se comienza a instalar la Direcci\u00f3n de la Academia en las dependencias de la Escuela de Ingenier\u00eda Naval.<\/p>\n[\/vc_column_text][\/vc_tab][vc_tab title=&#8221;1995&#8243; tab_id=&#8221;1460385977718-4-5&#8243;][vc_column_text]\n<p style=\"text-align: justify;\">La Academia Polit\u00e9cnica Naval inicia su a\u00f1o acad\u00e9mico asumiendo el rol protag\u00f3nico en la formaci\u00f3n de los futuros especialistas.\u00a0 Asimismo, pasa a albergar en su seno a las Escuelas de especialidades de: Armamentos, Operaciones, Ingenier\u00eda Naval, Abastecimientos, Litoral y Faros, y Sanidad Naval y posteriormente Infanter\u00eda de Marina, las cuales pasaron a depender militar y t\u00e9cnicamente de ella.<\/p>\n[\/vc_column_text][\/vc_tab][vc_tab title=&#8221;2010&#8243; tab_id=&#8221;1558034660263-5-1&#8243;][vc_single_image image=&#8221;9237&#8243; img_size=&#8221;full&#8221; alignment=&#8221;center&#8221;][vc_column_text]Proceso de Acreditaci\u00f3n y Visita de Pares Evaluadores en el a\u00f1o 2010:<\/p>\n<p>Lectura de Informe de Salida de Pares Evaluadores, lo cual fue realizado en el Sal\u00f3n Hyatt de la Academia Polit\u00e9cnica Naval, con la presencia de los Mandos, docentes, personal de planta y parte de los alumnos Oficiales y Gente de Mar.[\/vc_column_text][vc_single_image image=&#8221;9238&#8243; img_size=&#8221;full&#8221; alignment=&#8221;center&#8221;][vc_column_text]Dise\u00f1o de Informe de Autoevaluaci\u00f3n utilizado en el proceso del a\u00f1o 2010.[\/vc_column_text][\/vc_tab][vc_tab title=&#8221;2014&#8243; tab_id=&#8221;1558035332324-9-3&#8243;][vc_single_image image=&#8221;9294&#8243; img_size=&#8221;medium&#8221; alignment=&#8221;center&#8221;][vc_column_text]Proceso de Acreditaci\u00f3n 2014:<\/p>\n<p>Reuni\u00f3n de Pares Evaluadores con autoridades de la Academia Polit\u00e9cnica Naval, entre ellos el Director CN. Sr. Ludges y CN. Sr. Maldonado.[\/vc_column_text][\/vc_tab][vc_tab title=&#8221;2018&#8243; tab_id=&#8221;1558034721091-7-9&#8243;][vc_column_text]\n<p style=\"text-align: justify; line-height: 19.9pt; background: white; vertical-align: baseline; margin: 0cm 0cm 15.0pt 0cm;\"><span style=\"font-family: 'Arial','sans-serif';\">En el a\u00f1o 2018, la Academia se incorpor\u00f3 a un nuevo proceso de Acreditaci\u00f3n Institucional, obteniendo 5 a\u00f1os de acreditaci\u00f3n, desde el 24 de Septiembre del 2018 hasta el 24 de Septiembre del a\u00f1o 2023, lo que se plasma en la Resoluci\u00f3n Exente N\u00b0 463 emitida por la Comisi\u00f3n Nacional de Acreditaci\u00f3n en Octubre del 2018. <\/span><\/p>\n[\/vc_column_text][\/vc_tab][\/vc_tabs][\/vc_column][\/vc_row]\n","protected":false},"excerpt":{"rendered":"<p>[vc_row][vc_column][vc_column_text] Eficiencia y Eficacia La renovaci\u00f3n de unidades y la constante evoluci\u00f3n tecnol\u00f3gica de los sistemas de armas, propulsi\u00f3n y detecci\u00f3n, crearon la necesidad de contar con Escuelas que se dedicaran a la formaci\u00f3n de personal especialista que satisficieran las crecientes necesidades t\u00e9cnicas y de operaci\u00f3n de las nuevas unidades. Con el transcurrir del tiempo, [&hellip;]<\/p>\n","protected":false},"author":5,"featured_media":0,"parent":341,"menu_order":0,"comment_status":"open","ping_status":"open","template":"","meta":{"footnotes":""},"class_list":["post-674","page","type-page","status-publish","hentry"],"_links":{"self":[{"href":"https:\/\/www.apolinav.cl\/index.php\/wp-json\/wp\/v2\/pages\/674","targetHints":{"allow":["GET"]}}],"collection":[{"href":"https:\/\/www.apolinav.cl\/index.php\/wp-json\/wp\/v2\/pages"}],"about":[{"href":"https:\/\/www.apolinav.cl\/index.php\/wp-json\/wp\/v2\/types\/page"}],"author":[{"embeddable":true,"href":"https:\/\/www.apolinav.cl\/index.php\/wp-json\/wp\/v2\/users\/5"}],"replies":[{"embeddable":true,"href":"https:\/\/www.apolinav.cl\/index.php\/wp-json\/wp\/v2\/comments?post=674"}],"version-history":[{"count":27,"href":"https:\/\/www.apolinav.cl\/index.php\/wp-json\/wp\/v2\/pages\/674\/revisions"}],"predecessor-version":[{"id":23293,"href":"https:\/\/www.apolinav.cl\/index.php\/wp-json\/wp\/v2\/pages\/674\/revisions\/23293"}],"up":[{"embeddable":true,"href":"https:\/\/www.apolinav.cl\/index.php\/wp-json\/wp\/v2\/pages\/341"}],"wp:attachment":[{"href":"https:\/\/www.apolinav.cl\/index.php\/wp-json\/wp\/v2\/media?parent=674"}],"curies":[{"name":"wp","href":"https:\/\/api.w.org\/{rel}","templated":true}]}}