{"id":22349,"date":"2023-01-18T13:29:02","date_gmt":"2023-01-18T16:29:02","guid":{"rendered":"https:\/\/www.apolinav.cl\/?page_id=22349"},"modified":"2023-02-17T10:05:34","modified_gmt":"2023-02-17T13:05:34","slug":"areas-de-interes","status":"publish","type":"page","link":"https:\/\/www.apolinav.cl\/index.php\/areas-de-interes\/","title":{"rendered":"\u00c1REAS DE INTER\u00c9S"},"content":{"rendered":"[vc_row][vc_column][vc_tabs orientation=&#8221;vertical&#8221; container_bg_color=&#8221;#ffffff&#8221;][vc_tab title=&#8221;\u00c1rea de Formaci\u00f3n Militar&#8221; tab_id=&#8221;1674059345-1-8&#8243;][vc_column_text]\n<ul>\n<li style=\"text-align: justify;\">Relaciona las necesidades y capacidades de la Formaci\u00f3n Militar del proceso formativo de la A.P.N., con las necesidades del entorno focaliz\u00e1ndose en la difusi\u00f3n institucional y el servicio comunitario.<\/li>\n<li style=\"text-align: justify;\">Grupos de inter\u00e9s para el desarrollo de las actividades son las entidades gubernamentales, ex-alumnos A.P.N. y la comunidad civil.<\/li>\n<\/ul>\n[\/vc_column_text][vc_gallery type=&#8221;nivo&#8221; interval=&#8221;3&#8243; images=&#8221;22360,22359,22358&#8243; img_size=&#8221;full&#8221;][\/vc_tab][vc_tab title=&#8221;\u00c1rea de Formaci\u00f3n Acad\u00e9mica&#8221; tab_id=&#8221;1674064569414-1-7&#8243;][vc_column_text]\n<ul>\n<li style=\"text-align: justify;\">Relaciona las necesidades y capacidades del proceso formativo de la A.P.N. en el \u00c1rea Acad\u00e9mica, la oferta de las actividades del \u00e1rea de Investigaci\u00f3n e Innovaci\u00f3n, con las necesidades del entorno.<\/li>\n<li style=\"text-align: justify;\">Grupos de inter\u00e9s para el desarrollo de las actividades son Unidades y Reparticiones, Direcciones T\u00e9cnicas, otras ramas de las Fuerzas Armadas, instituciones de Educaci\u00f3n Superior, entidades gubernamentales, y los integrantes del ecosistema de Investigaci\u00f3n-Innovaci\u00f3n-Emprendimiento.<\/li>\n<\/ul>\n[\/vc_column_text][vc_gallery type=&#8221;nivo&#8221; interval=&#8221;3&#8243; images=&#8221;22372,22371,22370&#8243; img_size=&#8221;full&#8221;][\/vc_tab][vc_tab title=&#8221;\u00c1rea de Formaci\u00f3n Profesional.&#8221; tab_id=&#8221;1674064572846-2-4&#8243;][vc_column_text]\n<ul>\n<li style=\"text-align: justify;\">Relaciona las necesidades y capacidades del proceso formativo de la A.P.N. en el \u00e1rea Formaci\u00f3n Profesional, la oferta de las actividades del \u00e1rea de Investigaci\u00f3n e Innovaci\u00f3n, con las necesidades y requerimientos del entorno.<\/li>\n<li style=\"text-align: justify;\">Grupos de inter\u00e9s para el desarrollo de las actividades son Unidades y Reparticiones, Direcciones T\u00e9cnicas, otras ramas de las Fuerzas Armadas, instituciones de educaci\u00f3n superior, entidades gubernamentales, y los integrantes del ecosistema de Investigaci\u00f3n-Innovaci\u00f3n-Emprendimiento.<\/li>\n<\/ul>\n[\/vc_column_text][vc_gallery type=&#8221;nivo&#8221; interval=&#8221;3&#8243; images=&#8221;22375,22376,22377&#8243; img_size=&#8221;full&#8221;][\/vc_tab][vc_tab title=&#8221;\u00c1rea de Formaci\u00f3n Cultural. &#8221; tab_id=&#8221;1674064574824-3-0&#8243;][vc_column_text]\n<ul>\n<li style=\"text-align: justify;\">Relaciona las necesidades y capacidades del proceso formativo de la A.P.N. en el \u00e1rea de la Formaci\u00f3n Cultural, la oferta de las actividades del \u00e1rea de Investigaci\u00f3n e Innovaci\u00f3n, con las necesidades y requerimientos del entorno.<\/li>\n<li style=\"text-align: justify;\">Grupos de inter\u00e9s para el desarrollo de las actividades son: Direcciones T\u00e9cnicas, Museo Mar\u00edtimo Nacional, otras ramas de las Fuerzas Armadas, instituciones de educaci\u00f3n superior y entidades gubernamentales.<\/li>\n<\/ul>\n[\/vc_column_text][vc_gallery type=&#8221;nivo&#8221; interval=&#8221;3&#8243; images=&#8221;22379,22380,22381&#8243; img_size=&#8221;full&#8221;][\/vc_tab][vc_tab title=&#8221;\u00c1rea de Formaci\u00f3n Val\u00f3rica&#8221; tab_id=&#8221;1674066176115-4-7&#8243;][vc_column_text]\n<ul>\n<li style=\"text-align: justify;\">Relaciona las necesidades y capacidades del proceso formativo de la A.P.N. en el \u00e1rea de Formaci\u00f3n Val\u00f3rica, con las necesidades y requerimientos del entorno.<\/li>\n<li style=\"text-align: justify;\">Grupos de inter\u00e9s para el desarrollo de las actividades son: Museo Mar\u00edtimo Nacional, otras ramas de las Fuerzas Armada, Instituciones de Educaci\u00f3n Superior y comunidad civil.<\/li>\n<\/ul>\n[\/vc_column_text][vc_gallery type=&#8221;nivo&#8221; interval=&#8221;3&#8243; images=&#8221;22383,22384,22385&#8243; img_size=&#8221;full&#8221;][\/vc_tab][vc_tab title=&#8221;\u00c1rea de Formaci\u00f3n F\u00edsico-Deportiva&#8221; tab_id=&#8221;1674066324411-5-10&#8243;][vc_column_text]\n<ul>\n<li style=\"text-align: justify;\">Relaciona las necesidades y capacidades del proceso formativo de la A.P.N. en el \u00e1rea Formaci\u00f3n F\u00edsico-Deportiva, con las necesidades y requerimientos del entorno.<\/li>\n<li style=\"text-align: justify;\">Grupos de inter\u00e9s para el desarrollo de las actividades son: otras ramas de las Fuerzas Armada y de Orden, Instituciones de Educaci\u00f3n Superior, federaciones deportivas y comunidad civil.<\/li>\n<\/ul>\n[\/vc_column_text][vc_gallery type=&#8221;nivo&#8221; interval=&#8221;3&#8243; images=&#8221;22386,22387,22388&#8243; img_size=&#8221;full&#8221;][\/vc_tab][\/vc_tabs][\/vc_column][\/vc_row]\n","protected":false},"excerpt":{"rendered":"<p>[vc_row][vc_column][vc_tabs orientation=&#8221;vertical&#8221; container_bg_color=&#8221;#ffffff&#8221;][vc_tab title=&#8221;\u00c1rea de Formaci\u00f3n Militar&#8221; tab_id=&#8221;1674059345-1-8&#8243;][vc_column_text] Relaciona las necesidades y capacidades de la Formaci\u00f3n Militar del proceso formativo de la A.P.N., con las necesidades del entorno focaliz\u00e1ndose en la difusi\u00f3n institucional y el servicio comunitario. Grupos de inter\u00e9s para el desarrollo de las actividades son las entidades gubernamentales, ex-alumnos A.P.N. y la comunidad [&hellip;]<\/p>\n","protected":false},"author":3,"featured_media":0,"parent":0,"menu_order":0,"comment_status":"closed","ping_status":"closed","template":"","meta":{"footnotes":""},"class_list":["post-22349","page","type-page","status-publish","hentry"],"_links":{"self":[{"href":"https:\/\/www.apolinav.cl\/index.php\/wp-json\/wp\/v2\/pages\/22349","targetHints":{"allow":["GET"]}}],"collection":[{"href":"https:\/\/www.apolinav.cl\/index.php\/wp-json\/wp\/v2\/pages"}],"about":[{"href":"https:\/\/www.apolinav.cl\/index.php\/wp-json\/wp\/v2\/types\/page"}],"author":[{"embeddable":true,"href":"https:\/\/www.apolinav.cl\/index.php\/wp-json\/wp\/v2\/users\/3"}],"replies":[{"embeddable":true,"href":"https:\/\/www.apolinav.cl\/index.php\/wp-json\/wp\/v2\/comments?post=22349"}],"version-history":[{"count":21,"href":"https:\/\/www.apolinav.cl\/index.php\/wp-json\/wp\/v2\/pages\/22349\/revisions"}],"predecessor-version":[{"id":22373,"href":"https:\/\/www.apolinav.cl\/index.php\/wp-json\/wp\/v2\/pages\/22349\/revisions\/22373"}],"wp:attachment":[{"href":"https:\/\/www.apolinav.cl\/index.php\/wp-json\/wp\/v2\/media?parent=22349"}],"curies":[{"name":"wp","href":"https:\/\/api.w.org\/{rel}","templated":true}]}}

ÁREAS DE INTERÉS

[vc_row][vc_column][vc_tabs orientation=&#8221;vertical&#8221; container_bg_color=&#8221;#ffffff&#8221;][vc_tab title=&#8221;Área de Formación Militar&#8221; tab_id=&#8221;1674059345-1-8&#8243;][vc_column_text]
<ul>
<li style="text-align: justify;">Relaciona las necesidades y capacidades de la Formación Militar del proceso formativo de la A.P.N., con las necesidades del entorno focalizándose en la difusión institucional y el servicio comunitario.</li>
<li style="text-align: justify;">Grupos de interés para el desarrollo de las actividades son las entidades gubernamentales, ex-alumnos A.P.N. y la comunidad civil.</li>
</ul>
[/vc_column_text][vc_gallery type=&#8221;nivo&#8221; interval=&#8221;3&#8243; images=&#8221;22360,22359,22358&#8243; img_size=&#8221;full&#8221;][/vc_tab][vc_tab title=&#8221;Área de Formación Académica&#8221; tab_id=&#8221;1674064569414-1-7&#8243;][vc_column_text]
<ul>
<li style="text-align: justify;">Relaciona las necesidades y capacidades del proceso formativo de la A.P.N. en el Área Académica, la oferta de las actividades del área de Investigación e Innovación, con las necesidades del entorno.</li>
<li style="text-align: justify;">Grupos de interés para el desarrollo de las actividades son Unidades y Reparticiones, Direcciones Técnicas, otras ramas de las Fuerzas Armadas, instituciones de Educación Superior, entidades gubernamentales, y los integrantes del ecosistema de Investigación-Innovación-Emprendimiento.</li>
</ul>
[/vc_column_text][vc_gallery type=&#8221;nivo&#8221; interval=&#8221;3&#8243; images=&#8221;22372,22371,22370&#8243; img_size=&#8221;full&#8221;][/vc_tab][vc_tab title=&#8221;Área de Formación Profesional.&#8221; tab_id=&#8221;1674064572846-2-4&#8243;][vc_column_text]
<ul>
<li style="text-align: justify;">Relaciona las necesidades y capacidades del proceso formativo de la A.P.N. en el área Formación Profesional, la oferta de las actividades del área de Investigación e Innovación, con las necesidades y requerimientos del entorno.</li>
<li style="text-align: justify;">Grupos de interés para el desarrollo de las actividades son Unidades y Reparticiones, Direcciones Técnicas, otras ramas de las Fuerzas Armadas, instituciones de educación superior, entidades gubernamentales, y los integrantes del ecosistema de Investigación-Innovación-Emprendimiento.</li>
</ul>
[/vc_column_text][vc_gallery type=&#8221;nivo&#8221; interval=&#8221;3&#8243; images=&#8221;22375,22376,22377&#8243; img_size=&#8221;full&#8221;][/vc_tab][vc_tab title=&#8221;Área de Formación Cultural. &#8221; tab_id=&#8221;1674064574824-3-0&#8243;][vc_column_text]
<ul>
<li style="text-align: justify;">Relaciona las necesidades y capacidades del proceso formativo de la A.P.N. en el área de la Formación Cultural, la oferta de las actividades del área de Investigación e Innovación, con las necesidades y requerimientos del entorno.</li>
<li style="text-align: justify;">Grupos de interés para el desarrollo de las actividades son: Direcciones Técnicas, Museo Marítimo Nacional, otras ramas de las Fuerzas Armadas, instituciones de educación superior y entidades gubernamentales.</li>
</ul>
[/vc_column_text][vc_gallery type=&#8221;nivo&#8221; interval=&#8221;3&#8243; images=&#8221;22379,22380,22381&#8243; img_size=&#8221;full&#8221;][/vc_tab][vc_tab title=&#8221;Área de Formación Valórica&#8221; tab_id=&#8221;1674066176115-4-7&#8243;][vc_column_text]
<ul>
<li style="text-align: justify;">Relaciona las necesidades y capacidades del proceso formativo de la A.P.N. en el área de Formación Valórica, con las necesidades y requerimientos del entorno.</li>
<li style="text-align: justify;">Grupos de interés para el desarrollo de las actividades son: Museo Marítimo Nacional, otras ramas de las Fuerzas Armada, Instituciones de Educación Superior y comunidad civil.</li>
</ul>
[/vc_column_text][vc_gallery type=&#8221;nivo&#8221; interval=&#8221;3&#8243; images=&#8221;22383,22384,22385&#8243; img_size=&#8221;full&#8221;][/vc_tab][vc_tab title=&#8221;Área de Formación Físico-Deportiva&#8221; tab_id=&#8221;1674066324411-5-10&#8243;][vc_column_text]
<ul>
<li style="text-align: justify;">Relaciona las necesidades y capacidades del proceso formativo de la A.P.N. en el área Formación Físico-Deportiva, con las necesidades y requerimientos del entorno.</li>
<li style="text-align: justify;">Grupos de interés para el desarrollo de las actividades son: otras ramas de las Fuerzas Armada y de Orden, Instituciones de Educación Superior, federaciones deportivas y comunidad civil.</li>
</ul>
[/vc_column_text][vc_gallery type=&#8221;nivo&#8221; interval=&#8221;3&#8243; images=&#8221;22386,22387,22388&#8243; img_size=&#8221;full&#8221;][/vc_tab][/vc_tabs][/vc_column][/vc_row]

<p>[vc_row][vc_column][vc_tabs orientation=&#8221;vertical&#8221; container_bg_color=&#8221;#ffffff&#8221;][vc_tab title=&#8221;Área de Formación Militar&#8221; tab_id=&#8221;1674059345-1-8&#8243;][vc_column_text] Relaciona las necesidades y capacidades de la Formación Militar del proceso formativo de la A.P.N., con las necesidades del entorno focalizándose en la difusión institucional y el servicio comunitario. Grupos de interés para el desarrollo de las actividades son las entidades gubernamentales, ex-alumnos A.P.N. y la comunidad [&hellip;]</p>
