{"id":15289,"date":"2021-06-08T09:45:44","date_gmt":"2021-06-08T13:45:44","guid":{"rendered":"https:\/\/www.apolinav.cl\/?page_id=15289"},"modified":"2026-04-07T11:03:03","modified_gmt":"2026-04-07T15:03:03","slug":"certificados-titulos","status":"publish","type":"page","link":"https:\/\/www.apolinav.cl\/index.php\/certificados-titulos\/","title":{"rendered":"Certificados y t\u00edtulos"},"content":{"rendered":"[vc_row][vc_column][vc_column_text]<a href=\"http:\/\/www.apolinav.cl\/wp-content\/uploads\/2019\/01\/220.jpg\"><img loading=\"lazy\" decoding=\"async\" class=\"alignnone wp-image-8273 size-full\" src=\"http:\/\/www.apolinav.cl\/wp-content\/uploads\/2019\/01\/220-e1558036011279.jpg\" alt=\"\" width=\"1187\" height=\"384\" srcset=\"https:\/\/www.apolinav.cl\/wp-content\/uploads\/2019\/01\/220-e1558036011279.jpg 1187w, https:\/\/www.apolinav.cl\/wp-content\/uploads\/2019\/01\/220-e1558036011279-768x248.jpg 768w\" sizes=\"auto, (max-width: 1187px) 100vw, 1187px\" \/><\/a><\/p>\n<div align=\"justify\">\n<p>El Departamento de Administraci\u00f3n Educacional, dependiente de la Subdirecci\u00f3n Acad\u00e9mica, tiene a su cargo la entrega de certificados y t\u00edtulos Institucionales, tanto para personal en retiro como en servicio activo.<\/p>\n<p><span style=\"color: #000000;\"><strong>Para oficiales que no cursaron especialidad y requieran certificados de T\u00cdTULO PROFESIONAL y\/o GRADO ACAD\u00c9MICO deben solicitarlo en la Escuela Naval.<\/strong><\/span><\/p>\n<p>Los documentos que puede solicitar son:<\/p>\n<p><strong>Certificados&nbsp;<\/strong><\/p>\n<p>&#8211; Licencia de Educaci\u00f3n Media Naval (Oficiales\/Gente de Mar que ingres\u00f3 a la Armada con Ense\u00f1anza Media incompleta).<\/p>\n<p>&#8211; T\u00edtulo T\u00e9cnico Nivel Superior (Oficiales de Mar\/Gente de Mar).<\/p>\n<p>&#8211; T\u00edtulo Profesional (Oficiales).<\/p>\n<p>&#8211; Grado Acad\u00e9mico (Oficiales).<\/p>\n<p>&#8211; Cursos efectuados en la Armada (Oficiales\/Gente de Mar).<\/p>\n<p>&#8211; Uso de Armamentos. (PERSONAL ACTIVO O EN RETIRO CON 20 O M\u00c1S A\u00d1OS DE SERVICIO).<\/p>\n<p>&#8211; Concentraciones de notas desde el a\u00f1o 2000 al 2025.<\/p>\n<p><strong>Diplomas<\/strong> <strong>(Porfavor Considerar todos los envios de Diplomas son por Pagar) <strong><\/p>\n<p>&#8211; Licencia de Educaci\u00f3n Media Naval (Oficiales\/Gente de Mar que ingres\u00f3 a la Armada con Ense\u00f1anza Media incompleta).<\/p>\n<p>&#8211; T\u00edtulo T\u00e9cnico Nivel Superior (Oficiales de Mar\/Gente de Mar).<\/p>\n<p>&#8211; T\u00edtulo Profesional (Oficiales).<\/p>\n<p>&#8211; Grado Acad\u00e9mico (Oficiales).<\/p>\n<\/div>\n<p>&nbsp;[\/vc_column_text][vc_tab title=&#8221;Solicitudes&#8221; tab_id=&#8221;1407414649-2-16&#8243;][\/vc_tab][vc_column_text]\n<div align=\"justify\">\n<p>La solicitud de la documentaci\u00f3n se realiza llenando el siguiente formulario:&nbsp; <a class=\"fasc-button fasc-size-medium fasc-type-flat fasc-ico-before dashicons-welcome-write-blog\" style=\"background-color: #33809e; color: #ffffff;\" href=\"https:\/\/www.apolinav.cl\/index.php\/solicitud-de-antecedentes-academicos\/\">FORMULARIO<\/a>&nbsp;<\/p>\n<p>Valor de diploma en proceso de ACTUALIZACI\u00d3N , Env\u00edos ser\u00e1n con costo al usuario.<strong><br \/>\n<\/strong><\/p>\n<p>Actualmente, por motivo de alta demanda, el tiempo de entrega es de aproximadamente 2 meses, por lo cual, solicitamos su comprensi\u00f3n.<\/p>\n<p>Horario de atenci\u00f3n telef\u00f3nico al&nbsp; <strong>32 2 84 8954<\/strong>, de lunes a viernes, entre las<strong> 08.00 y 12.00<\/strong> horas.&nbsp;<\/p>\n<\/div>\n[\/vc_column_text][\/vc_column][\/vc_row][vc_row][vc_column][\/vc_column][\/vc_row][vc_row][vc_column][\/vc_column][\/vc_row]\n","protected":false},"excerpt":{"rendered":"<p>[vc_row][vc_column][vc_column_text] El Departamento de Administraci\u00f3n Educacional, dependiente de la Subdirecci\u00f3n Acad\u00e9mica, tiene a su cargo la entrega de certificados y t\u00edtulos Institucionales, tanto para personal en retiro como en servicio activo. Para oficiales que no cursaron especialidad y requieran certificados de T\u00cdTULO PROFESIONAL y\/o GRADO ACAD\u00c9MICO deben solicitarlo en la Escuela Naval. Los documentos que [&hellip;]<\/p>\n","protected":false},"author":5,"featured_media":0,"parent":0,"menu_order":0,"comment_status":"closed","ping_status":"closed","template":"","meta":{"footnotes":""},"class_list":["post-15289","page","type-page","status-publish","hentry"],"_links":{"self":[{"href":"https:\/\/www.apolinav.cl\/index.php\/wp-json\/wp\/v2\/pages\/15289","targetHints":{"allow":["GET"]}}],"collection":[{"href":"https:\/\/www.apolinav.cl\/index.php\/wp-json\/wp\/v2\/pages"}],"about":[{"href":"https:\/\/www.apolinav.cl\/index.php\/wp-json\/wp\/v2\/types\/page"}],"author":[{"embeddable":true,"href":"https:\/\/www.apolinav.cl\/index.php\/wp-json\/wp\/v2\/users\/5"}],"replies":[{"embeddable":true,"href":"https:\/\/www.apolinav.cl\/index.php\/wp-json\/wp\/v2\/comments?post=15289"}],"version-history":[{"count":96,"href":"https:\/\/www.apolinav.cl\/index.php\/wp-json\/wp\/v2\/pages\/15289\/revisions"}],"predecessor-version":[{"id":33025,"href":"https:\/\/www.apolinav.cl\/index.php\/wp-json\/wp\/v2\/pages\/15289\/revisions\/33025"}],"wp:attachment":[{"href":"https:\/\/www.apolinav.cl\/index.php\/wp-json\/wp\/v2\/media?parent=15289"}],"curies":[{"name":"wp","href":"https:\/\/api.w.org\/{rel}","templated":true}]}}