{"id":14885,"date":"2021-04-23T13:05:09","date_gmt":"2021-04-23T13:05:09","guid":{"rendered":"https:\/\/www.apolinav.cl\/?page_id=14885"},"modified":"2021-04-23T13:05:09","modified_gmt":"2021-04-23T13:05:09","slug":"postulaciones2","status":"publish","type":"page","link":"https:\/\/www.apolinav.cl\/index.php\/postulaciones2\/","title":{"rendered":"Postulaciones"},"content":{"rendered":"[vc_row][vc_column][vc_column_text]\n<h1 style=\"text-align: center;\"><strong>De momento no se registran concursos.<\/strong><\/h1>\n<p style=\"text-align: center;\">Agradecemos su inter\u00e9s de ser parte de nuestra academia. De momento no se registran nuevos concursos.<\/p>\n<p style=\"text-align: center;\">Se sugiere consultar esta secci\u00f3n m\u00e1s adelante en caso de nuevas publicaciones y novedades.<\/p>\n[\/vc_column_text][\/vc_column][\/vc_row]\n","protected":false},"excerpt":{"rendered":"<p>[vc_row][vc_column][vc_column_text] De momento no se registran concursos. Agradecemos su inter\u00e9s de ser parte de nuestra academia. De momento no se registran nuevos concursos. Se sugiere consultar esta secci\u00f3n m\u00e1s adelante en caso de nuevas publicaciones y novedades. [\/vc_column_text][\/vc_column][\/vc_row]<\/p>\n","protected":false},"author":5,"featured_media":0,"parent":0,"menu_order":0,"comment_status":"closed","ping_status":"closed","template":"","meta":{"footnotes":""},"class_list":["post-14885","page","type-page","status-publish","hentry"],"_links":{"self":[{"href":"https:\/\/www.apolinav.cl\/index.php\/wp-json\/wp\/v2\/pages\/14885","targetHints":{"allow":["GET"]}}],"collection":[{"href":"https:\/\/www.apolinav.cl\/index.php\/wp-json\/wp\/v2\/pages"}],"about":[{"href":"https:\/\/www.apolinav.cl\/index.php\/wp-json\/wp\/v2\/types\/page"}],"author":[{"embeddable":true,"href":"https:\/\/www.apolinav.cl\/index.php\/wp-json\/wp\/v2\/users\/5"}],"replies":[{"embeddable":true,"href":"https:\/\/www.apolinav.cl\/index.php\/wp-json\/wp\/v2\/comments?post=14885"}],"version-history":[{"count":1,"href":"https:\/\/www.apolinav.cl\/index.php\/wp-json\/wp\/v2\/pages\/14885\/revisions"}],"predecessor-version":[{"id":14887,"href":"https:\/\/www.apolinav.cl\/index.php\/wp-json\/wp\/v2\/pages\/14885\/revisions\/14887"}],"wp:attachment":[{"href":"https:\/\/www.apolinav.cl\/index.php\/wp-json\/wp\/v2\/media?parent=14885"}],"curies":[{"name":"wp","href":"https:\/\/api.w.org\/{rel}","templated":true}]}}